+ 8/(-44). Is (f/(-6))/(10/o) prime?
False
Let q(l) = -l**3 - 2*l**2 - l + 2. Let m be q(-2). Let j(a) = 15*a**3 - 3*a**2 - 4*a - 7. Is j(m) composite?
True
Suppose 44*t - 540048 = 579268. Is t a prime number?
True
Let x(j) = -2*j + 1. Let s be x(3). Let c = -7 - s. Is (-1)/(-1) - 68/c a prime number?
False
Suppose 0 = 67*p - 51*p - 2399024. Is p composite?
False
Suppose -139496 = -9*n + 17095. Is n prime?
False
Is (-6 + 1)*-2031*(-3)/(-45) a composite number?
False
Suppose 2*b + 134 = -66. Let v(j) = -63*j + 4. Let y be v(7). Let l = b - y. Is l a composite number?
False
Let v = 72 - 69. Suppose -2*u + 1945 = -v*x, -4*x + 0*x = u - 978. Is u composite?
True
Suppose -5*j = -15 - 5. Suppose 5*k - 18971 = 3*x, -4921 - 10241 = -j*k - 5*x. Is k prime?
True
Let o = -20405 - -34368. Is o a prime number?
True
Let m be -1*(-12)/20*-5. Let p(x) = -x**3 + x**2 - 2*x - 3. Is p(m) composite?
True
Let w(d) = 8*d**3 - 6*d**2 + 11*d - 36. Is w(11) composite?
False
Let q be (-1)/(-5*(-1)/55). Is 2/q + (4 - (-29647)/11) composite?
False
Suppose -l - j - 1317 = 0, l + 5*j + 1337 = -0*j. Let f = l + 1991. Is f prime?
False
Suppose 0 = -2*r + 225 - 27. Suppose o = -3*o + 496. Let q = o + r. Is q a prime number?
True
Let r be (-1)/2 - (-4)/8. Suppose -3*m = 3*z - 204, -2*m = -5*z - r*m + 326. Is ((-24)/(-18))/(4/z) prime?
False
Let a = -41 - -133. Suppose a = -2*g - 5*v + 494, 5*g - 1063 = 2*v. Is g composite?
False
Let z be 3*8/(-180) + (-4712)/(-15). Suppose z + 837 = b. Is b a composite number?
False
Let n = -46063 + 75306. Is n composite?
False
Let y be (16/(-12))/(6/(-36)). Is y + -3 - 2 - -86 prime?
True
Let t = 0 + -4. Let c(q) be the first derivative of -13*q**2/2 + 7*q - 175. Is c(t) a composite number?
False
Suppose 13*r - 588 = 9*r. Suppose -4*f + r = -1. Is f a composite number?
False
Suppose 0 = 10*q + 3*q - 26. Let s(r) be the second derivative of 19*r**4/2 - r**3/3 - r**2/2 + r. Is s(q) prime?
False
Suppose 81156 + 24070 = 22*h. Is h prime?
True
Let i(w) = -w**3 - 10*w**2 + 60*w + 126. Is i(-23) a prime number?
True
Suppose -7 - 3 = 2*p. Let a = p + 7. Suppose 5*r - 39 = -3*d + 193, 2*r = -a. Is d a prime number?
True
Let n(d) = -1620*d + 47. Is n(-6) prime?
True
Let o(v) be the third derivative of v**5/60 - v**4/6 + 5*v**3/2 + v**2. Let s be o(12). Let r = s - -28. Is r prime?
True
Let j(d) = 108*d + 3. Let m be j(6). Suppose -r = -0*w - 2*w - m, 20 = 5*w. Is r composite?
False
Let u be ((-9)/(-12))/((-3)/(-12)). Suppose -5*d + 25 = 5*w, 5 = -5*w + 4*d + u. Suppose -3*n - n = -w*r - 128, 35 = n - 2*r. Is n a composite number?
False
Let f be (-10)/1*(-3)/6. Suppose m + 7 = f. Is (-1)/(965/485 + m) composite?
False
Suppose 0 = 2*n - 0 + 12. Let q be 3758/(-14) + n/(-14). Is 1/(-2)*q/2 prime?
True
Let q(o) = -o**3 - 4*o**2 - 2*o - 5. Let y be q(-4). Suppose 0 = 2*a - y*a + 1660. Let l = -983 + a. Is l prime?
True
Suppose 23 = 4*q + 5*k, 0 = 4*k - k - 9. Suppose -3167 = -c - 2*c - g, q*c = g + 2108. Is c a composite number?
True
Suppose -3*g - 3*u = u - 14591, 4*g = 5*u + 19434. Is g composite?
False
Let n be 4/(-28) - (-2)/14. Suppose 4*v - 3*u + n*u + 228 = 0, 3*v + 174 = 3*u. Is 4522/18 + 12/v composite?
False
Suppose 4*b - 8 = 0, 2*b - 28726 = -26*k + 24*k. Is k a composite number?
True
Suppose -4*w + 10868 = 18*v - 23*v, -5*v + 10908 = 4*w. Is w composite?
True
Suppose 10 = 5*t - 0*t. Suppose -2*y - t*y - 332 = 0. Is y/((1 + -2)*1) a prime number?
True
Let c(p) = p**3 - 16*p**2 + 48*p - 30. Is c(13) composite?
True
Let i = 8580 + 9949. Is i a composite number?
True
Let r(j) be the first derivative of -10*j**2 + 4*j - 3. Let g be r(5). Let x = g - -147. Is x a composite number?
True
Let y(r) = -31*r**2 - 9*r + 71. Let u(v) = -15*v**2 - 5*v + 35. Let o(i) = -9*u(i) + 4*y(i). Is o(-11) composite?
False
Suppose -z - 2*z + 15 = 0. Suppose -35 + z = 5*n. Is -147*n/9 + -3 a prime number?
False
Suppose -806*p = -804*p - 81076. Is p composite?
True
Suppose 2*r + 2*r = -3*n + 21, r + 3*n - 12 = 0. Suppose 5*t + 4*h = 88, r*t + 3*h - 7 = 47. Suppose 52 = -t*d + 18*d. Is d a composite number?
True
Let o(a) = a**2 - 4*a + 4. Let c be o(4). Suppose 0*l = 3*s - 4*l - 198, 4*l - 292 = -c*s. Is (s - 0) + 0 + -1 a prime number?
False
Let n = -24243 - -34612. Is n a prime number?
True
Let g(c) = 3*c**2 + 6*c + 2. Let a(w) be the first derivative of w**4/4 - 5*w**3/3 - 7*w**2/2 - 3*w - 1. Let m be a(6). Is g(m) a prime number?
True
Is 8130/(10/5) - 2 a composite number?
True
Suppose m = 4*m - 6. Suppose -2*g - 5927 = -5*q - 4*g, 4*q + m*g = 4740. Let l = q - -450. Is l a prime number?
True
Let p = 10232 + 4221. Is p prime?
False
Let x be 10*(6/18 + (-974)/(-12)). Suppose 0 = 4*z - x - 1477. Is z a prime number?
False
Let n(h) = -191*h + 166. Is n(-21) a composite number?
False
Let c be ((-6)/2)/(-3 - -2). Suppose 0 = -c*s + 1468 + 419. Is s a composite number?
True
Let z(x) = 3*x + 2. Let q = -4 + 8. Suppose -4*h = -j - 28, -q*h - 1 = 5*j - 29. Is z(h) prime?
True
Suppose -530 = -12*m + 2*m. Is m prime?
True
Let l = 451 + 3360. Let y = 45959 - l. Is y/36 + 6/27 composite?
False
Suppose 6*s = 77732 + 128146. Is s a composite number?
False
Let l(o) = 7*o**2 - 182*o + 137. Is l(52) a prime number?
True
Suppose 107268 = 5*f - 2*t, -5*t + 28144 = 4*f - 57644. Is 32/96 - f/(-3) prime?
True
Suppose 144 = -28*q + 31*q. Suppose -q = -2*a - 4*p + 78, -2*p = -2*a + 150. Is a composite?
False
Let j(v) = 14*v - 23. Let h be -5 + 5 + 12 + -1. Is j(h) prime?
True
Suppose 0 = 4*c - 578 - 86. Let w = 552 - c. Is w a composite number?
True
Suppose 0 = -x - 4*x + 20, -3*x + 4 = -i. Suppose 4*q = i*q, 2*q = k - 2. Is k/(-4) + (-1701)/(-18) a prime number?
False
Let p = 57078 - 32579. Is p a prime number?
True
Let n = -346 + 17492. Is n composite?
True
Let v = 42 - 30. Let i(z) be the second derivative of z**4/3 + 7*z**3/6 + 17*z**2/2 + 9*z. Is i(v) a prime number?
True
Let r be 4*-1*-1*(-12)/(-16). Let f(y) = 46*y**3 - 4*y**2 + 5*y - 2. Is f(r) composite?
True
Let i(y) = -3*y - 26. Let c be i(-6). Is 1 - (-28)/c*-36 prime?
True
Suppose -5*z - 14965 = -12*o + 7*o, -2*z = 4*o - 11972. Is o prime?
False
Let t(f) = -48*f - 9. Suppose -8 - 10 = 3*h. Let a be t(h). Suppose -3*i - 5*u + 382 = -a, 5*i + u = 1087. Is i prime?
False
Let v be 0 - ((1 - 2) + -1). Suppose 3*t = v*x + 6537, 0 = 5*t - 2*x - 2*x - 10895. Is t a prime number?
True
Let v = 19143 + -9010. Is v a composite number?
False
Let v = 63 - 60. Suppose -5*a + 45 + 392 = -4*x, -v*a + 261 = -3*x. Is a prime?
True
Suppose 0 = 7*u - 12*u + 3300. Suppose 5*t = 4*d - u, -2*d + 352 = 2*t + t. Suppose 2*n + 215 = 4*f + n, d = 3*f + n. Is f composite?
True
Let v = 968 + 669. Is v a composite number?
False
Suppose -2*r = -4*r + 4. Let u be (3 - (-6)/(-2))/r. Suppose -i - 73 + 452 = u. Is i a prime number?
True
Suppose 2*x - 4*t + 656 = 0, x - 6*x + 3*t - 1619 = 0. Let f = -209 - x. Is f composite?
False
Let j = 6 + -5. Suppose 2*b - j + 3 = 0. Is 202 + (b*4 - -3) a prime number?
False
Suppose 0*h - 8 = 2*h + 4*m, -2 = h + m. Suppose h = 3*p - 1293 + 336. Is p composite?
True
Let a(i) = i**3 - 12*i**2 + 11*i - 1. Let s = 8 - -3. Let f be a(s). Is (-211)/(2 + -1)*f prime?
True
Suppose 2*g - 3*y = -0*g + 3954, 5*y + 10 = 0. Suppose 5*b - g = -b. Is b a prime number?
False
Let t be ((-190)/(-5))/(2 + 0). Suppose -t = -3*y + 5. Is 295/20 + (-6)/y prime?
False
Let b = -1665 - -3608. Is b composite?
True
Suppose -1447*j = -1436*j - 267377. Is j a composite number?
True
Is (2 - -1)*((-173800)/(-12) - -9) a prime number?
False
Let u(f) = 445*f**2 + 8*f + 8. Is u(-3) a prime number?
True
Let d(a) = a**2 - a + 4. Let t be d(2). Suppose q = t*q - 1115. Is q a composite number?
False
Let u(g) = 6*g**3 + 5*g - 5. Let b be u(-3). Let c = b - -631. Is c composite?
False
Suppose -3*p - p = 0. Suppose p*q - 496 = -4*q. Let h = 10 + q. Is h a prime number?
False
Let w(j) = 1. Let i(q) = 2*q - 3. Let t(y) = -i(y) + 3*w(y). Let h be t(6). Is (-1743)/(-33) + h/(-33) composite?
False
Suppose -3*x = -11*k + 8*k - 30102, -x + 10037 = -4*k. Is x a composite number?
True
Let m(u) = 345*u + 188. Is m(9) prime?
False
Suppose 2*h + 16 = 2*q, -q + h = 2*h + 2. Let b = -23 - -7. Is -397*(b/4 + q) prime?
True
Let k be 3/5 - ((-7)/5 - 1). Is 1/(k/4605*5) prime?
True
Le